t s be r(-4). Let t be (s - 88/(-20))*-10. Let j = t + 87. Give v(j).
7
Let f(t) = -t - 4. Let w(g) = g**3 + 48*g**2 + 2*g + 98. Let o be w(-48). Calculate f(o).
-6
Let p = -2 + -3. Suppose -6*y + 465 + 2553 = 0. Let l(d) = y*d - 244*d + 6 - 255*d. What is l(p)?
-14
Suppose 42*r + 246*r + 123*r = 97*r. Let j(l) be the second derivative of l**2 + r - 1/3*l**3 + 38*l. What is j(6)?
-10
Let o(n) = 32*n**2 + 8*n + 0*n - 6 + 193*n**2 + 194*n**2 - 420*n**2. Let k(p) = 2*p - 3. Let f be k(4). Calculate o(f).
9
Let h(c) be the third derivative of c**6/120 + c**5/15 - c**4/4 - c**3/2 + c**2. Let a be 1/(((-1)/9)/(55/(-5))). Let g = -104 + a. Calculate h(g).
2
Let p(a) be the first derivative of a**4 - a**3/3 - 3*a**2/2 + 3*a + 132. Calculate p(1).
3
Suppose 9*n = -871 + 889. Let v(x) = 20 + x - 44 - n*x - 6*x**2 + 2*x + 26. What is v(-2)?
-24
Let k(l) = l**3 - 6*l**2 + 3*l - 8. Suppose -d = -13 + 11. Suppose d*h - 8 = 4. What is k(h)?
10
Let f(z) be the second derivative of z**3 + 279*z**2/2 - 2*z + 1502. Give f(-46).
3
Let c(d) = -d**3 + 6*d**2 - 9*d + 4. Let g(v) = -v**3 + v**2 + 3*v - 3. Let j be (-1)/(0 - -1) - (29 - 28). Let m be g(j). Calculate c(m).
4
Let j(a) be the first derivative of -5*a**2/2 + 3*a - 896. Calculate j(0).
3
Suppose 4*q - 252 = -244. Let k(i) = -17 - 30*i**2 + 87*i**2 - 27*i**2 + 14*i - 31*i**q. Suppose -4*b = -o + 28, -5*o = -0*b + b - 56. Determine k(o).
7
Let h be 5/30*9 - (-2)/4. Let x(g) = 12 + 12*g - 53*g**2 - 3 + 52*g**h. What is x(13)?
-4
Let a be 2/3*12 + -3. Suppose -s - 8 = 5*t, -3*s + 9 + a = -4*t. Let g(p) = p**3 - p**s + 169*p - 2*p**3 - 165*p - 2*p**2. Give g(-4).
0
Suppose 343*k - 284*k + 354 = 0. Let x(p) = -8*p - 13. Determine x(k).
35
Let d(m) = 4*m**3 + 7*m**2 - 22*m + 10. Let t(c) = 3*c**3 + 7*c**2 - 19*c + 10. Let o(a) = 4*d(a) - 5*t(a). Determine o(5).
-25
Let y(k) = k**2 - 15*k - 11. Let b be (-71 - -70)/((-2)/(-22)). Let z be (b/(-2) + 0)/(19/38). Calculate y(z).
-55
Let m be ((-6)/9)/(5/(-15)). Suppose 284 = -2*x - m*x. Let s = x - -67. Let h(w) = w**2 + 5*w + 6. Determine h(s).
2
Let r(j) be the third derivative of j**7/2520 - j**6/240 - j**5/24 - j**4/8 + j**3/2 + 5*j**2 + 11. Let f(w) be the second derivative of r(w). Calculate f(4).
-1
Let v(m) be the first derivative of -m**4/4 - m**3/3 - 3*m**2/2 + 62*m - 4977. Determine v(0).
62
Let i(p) = p**2 + 6*p - 6. Let y be 13 - 6 - 156/2. Let x be (-579)/(-9) + 1/(-3). Let j = y + x. What is i(j)?
1
Let v(b) = -2*b - 3. Let q(d) = -6*d + 2. Let c(r) = q(r) + v(r). Give c(-8).
63
Let r(j) be the second derivative of j**6/120 - j**3 - 59*j**2/2 - 58*j. Let k(h) be the first derivative of r(h). Let w be 0/(-1 - 1*-2). Determine k(w).
-6
Let x(g) be the second derivative of -g**5/20 + g**4/4 + g**3 - 12*g**2 - 2*g + 867. Calculate x(3).
-6
Let g be -13*(-99)/117 + -7 + 1. Let v(i) = 2*i**2 - 4*i. Give v(g).
30
Let j(w) = -8*w - 6. Let f = -26798 - -26798. What is j(f)?
-6
Let k(q) = q**3 - 5*q**2 + 2*q + 7. Let p be 5/(75/(-6)) - (8 + (-741)/65). Give k(p).
-5
Let i(p) = -p**2 - 20*p + 39. Let f be i(-22). Let c(q) be the second derivative of -q**3/6 - 2*q**2 - 13*q - 57. What is c(f)?
1
Let o be 51 - 1*(-3 + 56). Let n(f) be the first derivative of -5*f**4/24 + f**3/6 - f**2/2 + 1. Let u(s) be the second derivative of n(s). What is u(o)?
11
Let r(o) = 17*o - 38. Let l = -7 + 9. Let k be r(l). Let z(a) = -5*a**2 - 8*a + 3. Let w(f) = -11*f**2 - 17*f + 6. Let i(n) = -4*w(n) + 9*z(n). What is i(k)?
3
Let k = 8384 - 8379. Let a(y) = 3*y - 33. What is a(k)?
-18
Let v = 45 + -57. Let u be (287/(-205))/(v/10 - -1). Let i(t) = t**2 - 5*t + 6. Determine i(u).
20
Let t(g) be the first derivative of g**4/4 + 5*g**3 - 15*g**2 + 77*g - 5608. Determine t(-17).
9
Suppose 317 = t + 85. Suppose 22*f - t = 18*f. Suppose -57*s = -f*s - 4. Let k(r) = r**3 + 4*r**2 + 5*r + 1. Determine k(s).
-19
Let v(z) = 4*z**2 + z**2 + 1 - 4*z**2 - z. Suppose -5*y = 5*q - 25, 197 = -4*y + 3*q + 168. Determine v(y).
7
Let j(z) = 8*z + 1. Let n = 77 - 75. Let p(c) = 24 + 1725*c**3 + 2*c + 13*c**n - 4*c - 1726*c**3. Let q be p(13). What is j(q)?
-15
Let f = -141 - -146. Let h(o) = o - 3*o + o + f - 2. What is h(8)?
-5
Let i(j) be the third derivative of 1/6*j**3 + 3*j + 1/12*j**4 + 0 - 43*j**2 + 7/10*j**5. Calculate i(-1).
41
Let c = 22172 - 22180. Let k(m) = 36*m + 296. Determine k(c).
8
Let b = 2477 + -2482. Let u(r) = -16 + r + 37 - 16. Give u(b).
0
Let h = 192 - 191. Let f(t) = -2 - 3 + h + 23*t - 22*t. Determine f(3).
-1
Let z(k) be the second derivative of k**5/20 + k**4/2 - k**3/6 + k**2 - 4*k - 11. Let l = 5 - 2. Suppose 2*c + 30 = -l*c. Determine z(c).
8
Let q(i) = -39*i + 55 - 37 + 22*i + i**2. Let p be 22 - (-13)/(39/(-18)). Calculate q(p).
2
Let s(c) = -c**3 + 5*c**2 - 8*c + 7. Let q = -36657 + 36660. Calculate s(q).
1
Let t be (-57)/(-9) - 2/6. Let q be 3/((-42)/70) + (-14)/(-2). Let k(m) = t*m**2 + m**3 + 46 - m**q - 42. What is k(-5)?
4
Let z = -7459 - -7444. Let o(q) = -6*q - 47. Calculate o(z).
43
Let l(b) = 34 + 24 + b + 29 - 2*b**2 - 85 - b**2. Calculate l(2).
-8
Suppose -3*o - 2*u - 28 = 0, 2*o = 3*u + 17 - 14. Let m(q) = 5*q + 9. Calculate m(o).
-21
Let n be (-3)/(-3) + 25*(-14)/(-700). Let y(q) be the first derivative of -34 + 0*q + n*q**2. What is y(2)?
6
Let u(b) = 21 - 8*b**2 + 14*b**2 - 24 - 2*b**2 - 6*b**2. Let r be 7/3 + 1/6*4. Give u(r).
-21
Suppose 15*t - 90 = -0*t. Suppose -117 = -t*y - 165. Let o(w) = 2*w + 6. What is o(y)?
-10
Let f = 471 + -467. Let j(a) be the first derivative of a**5/120 - 5*a**4/24 - 13*a**3/3 + 6. Let o(w) be the third derivative of j(w). Give o(f).
-1
Let i(j) = j**3 + 48*j**2 + 135*j + 3. Let m be i(-45). Let q(u) = 56*u - 9*u**2 + 62*u - 125*u + u**m - 8. Give q(10).
22
Let p(i) be the first derivative of -i**3/3 + 9*i**2 - 58*i - 3077. What is p(14)?
-2
Suppose 33 = 5*x + 8. Let g be (x/((-50)/(-8)))/((-1)/(-10)). Let k(w) = w**3 - 8*w**2 + 10. What is k(g)?
10
Let s(u) = -8*u**3 - 71*u**2 - 124*u - 4. Let y be s(-2). Let m(o) = -o**2 + 38*o - 315. Determine m(y).
21
Let c(h) = 2*h**3 + 13*h**2 - 7*h - 3. Let l be c(-7). Let z(o) = -18*o - 53. Let w be z(l). Let m(k) = k**2 - k + 1. Calculate m(w).
1
Suppose 5*y = -2*o + 155 - 52, -2*o = -2*y + 58. Let t(a) be the first derivative of 6*a - 2*a**2 - 1/4*a**4 - y + 7/3*a**3. Determine t(7).
-22
Let h = -18 + 18. Suppose -3*f = -2*g + 13, -2*g + f + 3 = -h*f. Let k(n) be the first derivative of 7*n**3/3 + n**2/2 - 294. What is k(g)?
6
Suppose 10*f - 16*f + 30 = 0. Suppose -f + 1 = 4*q. Let o be (-26)/13 - (-2 + q). Let c(n) = -23*n**2 - 1. What is c(o)?
-24
Let v(h) be the second derivative of h**4/6 - 3*h**3/2 + h**2 + h + 4. Let o(u) = 2*u**2 - 10*u + 3. Let f(m) = 3*o(m) - 4*v(m). Give f(5).
-19
Suppose -5*i + 4 = -91. Suppose -2*a + 36 = -5*v, -4*a - 5*v - 2 = -44. Suppose 2*g = i - a. Let r(z) = -z**3 + 3*z**2 - z - 3. Determine r(g).
-6
Suppose -93*i + 105*i = 5052. Let l = 427 - i. Let x(r) = r**3 - 5*r**2 - 8*r + 1. Calculate x(l).
-11
Let c be (20/(-34))/((-2064)/(-17544)). Let y(b) = b**3 + 2*b**2 - 3*b + 10. Give y(c).
-50
Let l(u) = u**3 - 6*u**2 - 2*u + 7. Suppose -2587 = -26*n + 2431. Let d = n - 187. Give l(d).
-5
Let y(w) = 25 + 0*w + w - 24. Let c be (3/2)/(-2 - (-11)/4). Suppose 0*n = c*n - 6. What is y(n)?
4
Let c(g) = 59*g**2 - 4*g + 10. Let q(j) = 12*j**2 - j + 2. Let l(a) = 2*c(a) - 11*q(a). Let o = 1732 + -1731. What is l(o)?
-13
Let u(v) = -v**3 - 6*v**2 + 6*v + 15. Suppose 49*w + 117 = -17 - 160. What is u(w)?
-21
Let d(c) = 9 - c - 14*c + 7*c + 0*c. What is d(6)?
-39
Suppose -17 = 8*a + 15. Let i be (-112)/8 - a - -8. Let q(k) = 1 - 5*k**3 + 0*k**3 - k**2 + 4*k**3. Determine q(i).
5
Let d(l) = l**3 + 93*l**2 + 972*l + 3. Let j be d(-81). Let q(y) = -y**3 + 4*y**2 + 4*y - 3. Give q(j).
18
Let z(q) be the second derivative of q**7/2520 - q**6/60 + q**5/8 + 119*q**4/12 + 17*q - 5. Let x(p) be the third derivative of z(p). Give x(11).
4
Let w(d) = -d**2 + 3*d. Let x(j) = -j**3 + 6*j**2 - 3*j - 7. Let r be x(5). Suppose -7*b - r = -10*b. Let v be (9/6)/(b/2). Give w(v).
0
Suppose 0 = -16*h + 12*h + 40. Let p(o) = -7 - 3 - 1 - o**2 + 2*o**2 + h*o. Determine p(-11).
0
Let d(g) = 6 + 11*g + 162*g**2 + 45*g + 15*g - 174*g**2. Calculate d(6).
0
Let k(p) = 2*p - 2. Let